{"id":61,"date":"2024-10-05T18:15:28","date_gmt":"2024-10-05T21:15:28","guid":{"rendered":"https:\/\/contabilpita.com.br\/?page_id=61"},"modified":"2025-03-24T18:38:42","modified_gmt":"2025-03-24T21:38:42","slug":"contato","status":"publish","type":"page","link":"https:\/\/contabilpita.com.br\/index.php\/contato\/","title":{"rendered":"Contatos"},"content":{"rendered":"\n<div class=\"wp-block-group alignwide is-layout-constrained wp-block-group-is-layout-constrained\">\n<div class=\"wp-block-columns is-layout-flex wp-container-core-columns-is-layout-28f84493 wp-block-columns-is-layout-flex\">\n<div class=\"wp-block-column is-layout-flow wp-block-column-is-layout-flow\">\n<div class=\"wp-block-group is-nowrap is-layout-flex wp-container-core-group-is-layout-6c531013 wp-block-group-is-layout-flex\">\n<figure class=\"wp-block-image aligncenter size-full is-resized\"><img loading=\"lazy\" decoding=\"async\" width=\"24\" height=\"24\" src=\"https:\/\/contabilpita.com.br\/wp-content\/uploads\/2024\/10\/image-1.png\" alt=\"\" class=\"wp-image-62\" style=\"width:20px;height:auto\"\/><\/figure>\n\n\n\n<h5 class=\"wp-block-heading has-text-align-center\" style=\"font-size:18px\">Localiza\u00e7\u00e3o<\/h5>\n<\/div>\n\n\n\n<ul class=\"wp-block-list\">\n<li>Localizados na regi\u00e3o do ABC, S\u00e3o Paulo<\/li>\n<\/ul>\n<\/div>\n\n\n\n<div class=\"wp-block-column is-layout-flow wp-block-column-is-layout-flow\">\n<div class=\"wp-block-group is-nowrap is-layout-flex wp-container-core-group-is-layout-6c531013 wp-block-group-is-layout-flex\">\n<figure class=\"wp-block-image is-resized\"><img loading=\"lazy\" decoding=\"async\" width=\"24\" height=\"24\" src=\"https:\/\/contabilpita.com.br\/wp-content\/uploads\/2024\/10\/image.png\" alt=\"\" class=\"wp-image-63\" style=\"width:26px;height:auto\"\/><\/figure>\n\n\n\n<h5 class=\"wp-block-heading\" style=\"font-size:18px\">Telefones<\/h5>\n<\/div>\n\n\n\n<ul class=\"wp-block-list\">\n<li>Atendimento via Whatsapp (11) 95233-0544<\/li>\n<\/ul>\n<\/div>\n\n\n\n<div class=\"wp-block-column is-layout-flow wp-block-column-is-layout-flow\">\n<div class=\"wp-block-group is-nowrap is-layout-flex wp-container-core-group-is-layout-6c531013 wp-block-group-is-layout-flex\">\n<figure class=\"wp-block-image is-resized\"><img loading=\"lazy\" decoding=\"async\" width=\"24\" height=\"24\" src=\"https:\/\/contabilpita.com.br\/wp-content\/uploads\/2024\/10\/image-2.png\" alt=\"\" class=\"wp-image-64\" style=\"width:28px;height:auto\"\/><\/figure>\n\n\n\n<h5 class=\"wp-block-heading has-text-align-center\" style=\"font-size:18px\">E-mail<\/h5>\n<\/div>\n\n\n\n<ul class=\"wp-block-list\">\n<li>contabilpita@gmail.com<\/li>\n<\/ul>\n<\/div>\n<\/div>\n<\/div>\n\n\n\n<div class=\"wp-block-group is-layout-constrained wp-block-group-is-layout-constrained\">\n<p class=\"has-text-align-center has-tiny-font-size\" style=\"margin-top:0;margin-right:0;margin-bottom:0;margin-left:0;font-style:normal;font-weight:400\">Segunda-feira at\u00e9 Quinta-feira: 9h00 as 17h00 * Sextas-feiras: 9h00 as 16h00 * Almo\u00e7o das 12h00 as 13h00.<\/p>\n\n\n\n<div class=\"wp-block-buttons is-content-justification-center is-layout-flex wp-container-core-buttons-is-layout-a89b3969 wp-block-buttons-is-layout-flex\">\n<div class=\"wp-block-button\"><a class=\"wp-block-button__link wp-element-button\" href=\"https:\/\/wa.me\/5511952330544\">Contatos<\/a><\/div>\n<\/div>\n<\/div>\n","protected":false},"excerpt":{"rendered":"<p>Localiza\u00e7\u00e3o Telefones E-mail Segunda-feira at\u00e9 Quinta-feira: 9h00 as 17h00 * Sextas-feiras: 9h00 as 16h00 * Almo\u00e7o das 12h00 as 13h00.<\/p>\n","protected":false},"author":1,"featured_media":0,"parent":0,"menu_order":4,"comment_status":"closed","ping_status":"closed","template":"","meta":{"footnotes":""},"class_list":["post-61","page","type-page","status-publish","hentry"],"_links":{"self":[{"href":"https:\/\/contabilpita.com.br\/index.php\/wp-json\/wp\/v2\/pages\/61","targetHints":{"allow":["GET"]}}],"collection":[{"href":"https:\/\/contabilpita.com.br\/index.php\/wp-json\/wp\/v2\/pages"}],"about":[{"href":"https:\/\/contabilpita.com.br\/index.php\/wp-json\/wp\/v2\/types\/page"}],"author":[{"embeddable":true,"href":"https:\/\/contabilpita.com.br\/index.php\/wp-json\/wp\/v2\/users\/1"}],"replies":[{"embeddable":true,"href":"https:\/\/contabilpita.com.br\/index.php\/wp-json\/wp\/v2\/comments?post=61"}],"version-history":[{"count":19,"href":"https:\/\/contabilpita.com.br\/index.php\/wp-json\/wp\/v2\/pages\/61\/revisions"}],"predecessor-version":[{"id":335,"href":"https:\/\/contabilpita.com.br\/index.php\/wp-json\/wp\/v2\/pages\/61\/revisions\/335"}],"wp:attachment":[{"href":"https:\/\/contabilpita.com.br\/index.php\/wp-json\/wp\/v2\/media?parent=61"}],"curies":[{"name":"wp","href":"https:\/\/api.w.org\/{rel}","templated":true}]}}